3, 487
What are the prime factors of 8323?
7, 29, 41
What are the prime factors of 1148?
2, 7, 41
List the prime factors of 15901.
15901
List the prime factors of 29551.
29, 1019
List the prime factors of 39169.
13, 23, 131
What are the prime factors of 35667?
3, 1321
What are the prime factors of 136326?
2, 3, 22721
What are the prime factors of 68013?
3, 11, 229
List the prime factors of 1867.
1867
List the prime factors of 7616.
2, 7, 17
What are the prime factors of 16923?
3, 5641
List the prime factors of 22625.
5, 181
List the prime factors of 2801.
2801
List the prime factors of 21224.
2, 7, 379
List the prime factors of 103133.
151, 683
What are the prime factors of 433?
433
List the prime factors of 36612.
2, 3, 113
List the prime factors of 16810.
2, 5, 41
List the prime factors of 488.
2, 61
What are the prime factors of 3867?
3, 1289
What are the prime factors of 17095?
5, 13, 263
List the prime factors of 62734.
2, 7, 4481
List the prime factors of 253.
11, 23
List the prime factors of 1507.
11, 137
List the prime factors of 100443.
3, 7, 4783
What are the prime factors of 11465?
5, 2293
What are the prime factors of 41225?
5, 17, 97
What are the prime factors of 31143?
3, 7, 1483
What are the prime factors of 75015?
3, 5, 1667
What are the prime factors of 267?
3, 89
What are the prime factors of 36771?
3, 7, 17, 103
List the prime factors of 5065.
5, 1013
List the prime factors of 997.
997
What are the prime factors of 66006?
2, 3, 19, 193
List the prime factors of 2845.
5, 569
List the prime factors of 554.
2, 277
What are the prime factors of 215?
5, 43
List the prime factors of 2983.
19, 157
List the prime factors of 31413.
3, 37, 283
What are the prime factors of 86894?
2, 23, 1889
What are the prime factors of 2331?
3, 7, 37
List the prime factors of 6934.
2, 3467
List the prime factors of 26254.
2, 13127
What are the prime factors of 18555?
3, 5, 1237
What are the prime factors of 568?
2, 71
What are the prime factors of 15520?
2, 5, 97
List the prime factors of 3705.
3, 5, 13, 19
List the prime factors of 21588.
2, 3, 7, 257
List the prime factors of 1178.
2, 19, 31
List the prime factors of 282.
2, 3, 47
What are the prime factors of 4966?
2, 13, 191
List the prime factors of 31556.
2, 7, 23
List the prime factors of 3283.
7, 67
List the prime factors of 135884.
2, 7, 23, 211
List the prime factors of 48322.
2, 37, 653
What are the prime factors of 1737?
3, 193
List the prime factors of 404.
2, 101
List the prime factors of 30260.
2, 5, 17, 89
List the prime factors of 33523.
7, 4789
What are the prime factors of 5716?
2, 1429
What are the prime factors of 13308?
2, 3, 1109
What are the prime factors of 156142?
2, 7, 19, 587
List the prime factors of 32378.
2, 16189
List the prime factors of 336.
2, 3, 7
What are the prime factors of 113495?
5, 22699
What are the prime factors of 35223?
3, 59, 199
What are the prime factors of 57506?
2, 28753
What are the prime factors of 51187?
17, 3011
What are the prime factors of 2781?
3, 103
What are the prime factors of 31756?
2, 17, 467
List the prime factors of 529.
23
List the prime factors of 2159.
17, 127
What are the prime factors of 2153?
2153
What are the prime factors of 2469?
3, 823
What are the prime factors of 119?
7, 17
List the prime factors of 4101.
3, 1367
What are the prime factors of 124?
2, 31
What are the prime factors of 3322?
2, 11, 151
List the prime factors of 4211.
4211
What are the prime factors of 4609?
11, 419
List the prime factors of 9103.
9103
What are the prime factors of 11977?
7, 29, 59
What are the prime factors of 1761?
3, 587
List the prime factors of 1165.
5, 233
What are the prime factors of 15394?
2, 43, 179
List the prime factors of 394.
2, 197
What are the prime factors of 6452?
2, 1613
List the prime factors of 136842.
2, 3, 22807
List the prime factors of 347.
347
What are the prime factors of 28293?
3, 9431
What are the prime factors of 1632?
2, 3, 17
List the prime factors of 16898.
2, 7, 17, 71
List the prime factors of 97957.
23, 4259
What are the prime factors of 654?
2, 3, 109
List the prime factors of 12157.
12157
List the prime factors of 49532.
2, 7, 29, 61
List the prime factors of 89398.
2, 44699
List the prime factors of 16414.
2, 29, 283
What are the prime factors of 10636?
2, 2659
List the prime factors of 828.
2, 3, 23
What are the prime factors of 2418?
2, 3, 13, 31
What are the prime factors of 1011?
3, 337
What are the prime factors of 27141?
3, 83, 109
List the prime factors of 80085.
3, 5, 19, 281
What are the prime factors of 4416?
2, 3, 23
List the prime factors of 1817.
23, 79
List the prime factors of 3711.
3, 1237
List the prime factors of 615.
3, 5, 41
List the prime factors of 23.
23
List the prime factors of 16890.
2, 3, 5, 563
What are the prime factors of 10807?
101, 107
What are the prime factors of 19344?
2, 3, 13, 31
List the prime factors of 37144.
2, 4643
What are the prime factors of 882?
2, 3, 7
List the prime factors of 6494.
2, 17, 191
List the prime factors of 7595.
5, 7, 31
What are the prime factors of 2522?
2, 13, 97
What are the prime factors of 3035?
5, 607
What are the prime factors of 16335?
3, 5, 11
What are the prime factors of 45945?
3, 5, 1021
What are the prime factors of 7748?
2, 13, 149
List the prime factors of 4146.
2, 3, 691
List the prime factors of 1170.
2, 3, 5, 13
List the prime factors of 30565.
5, 6113
What are the prime factors of 54892?
2, 13723
What are the prime factors of 9322?
2, 59, 79
List the prime factors of 24102.
2, 3, 13, 103
List the prime factors of 91154.
2, 7, 17, 383
List the prime factors of 2932.
2, 733
What are the prime factors of 381?
3, 127
What are the prime factors of 357?
3, 7, 17
What are the prime factors of 27150?
2, 3, 5, 181
List the prime factors of 1426.
2, 23, 31
List the prime factors of 171306.
2, 3, 31, 307
List the prime factors of 1554.
2, 3, 7, 37
List the prime factors of 2889.
3, 107
What are the prime factors of 1107?
3, 41
What are the prime factors of 1308?
2, 3, 109
List the prime factors of 19234.
2, 59, 163
What are the prime factors of 11111?
41, 271
List the prime factors of 2538.
2, 3, 47
What are the prime factors of 61074?
2, 3, 13, 29
List the prime factors of 79.
79
List the prime factors of 70.
2, 5, 7
What are the prime factors of 1081?
23, 47
What are the prime factors of 16818?
2, 3, 2803
What are the prime factors of 19497?
3, 67, 97
What are the prime factors of 1160?
2, 5, 29
What are the prime factors of 4714?
2, 2357
What are the prime factors of 46757?
46757
What are the prime factors of 563?
563
List the prime factors of 83617.
83617
What are the prime factors of 8450?
2, 5, 13
List the prime factors of 6614.
2, 3307
What are the prime factors of 19660?
2, 5, 983
What are the prime factors of 43897?
7, 6271
List the prime factors of 6301.
6301
What are the prime factors of 735?
3, 5, 7
What are the prime factors of 2691?
3, 13, 23
List the prime factors of 18410.
2, 5, 7, 263
What are the prime factors of 61279?
233, 263
What are the prime factors of 1058?
2, 23
What are the prime factors of 1422?
2, 3, 79
List the prime factors of 61328.
2, 3833
List the prime factors of 80847.
3, 13, 691
List the prime factors of 25393.
67, 379
List the prime factors of 3224.
2, 13, 31
List the prime factors of 24340.
2, 5, 1217
What are the prime factors of 99262?
2, 31, 1601
What are the prime factors of 10291?
41, 251
What are the prime factors of 328?
2, 41
List the prime factors of 47355.
3, 5, 7, 11, 41
What are the prime factors of 2446?
2, 1223
What are the prime factors of 1052?
2, 263
List the prime factors of 25829.
23, 1123
What are the prime factors of 1374?
2, 3, 229
List the prime factors of 1134.
2, 3, 7
List the prime factors of 22134.
2, 3, 7, 17, 31
What are the prime factors of 2752?
2, 43
List the prime factors of 3160.
2, 5, 79
List the prime factors of 199405.
5, 19, 2099
What are the prime factors of 54594?
2, 3, 337
List the prime factors of 4423.
4423
List the prime factors of 49441.
7, 1009
What are the prime factors of 11118?
2, 3, 17, 109
What are the prime factors of 4496?
2, 281
List the prime factors of 51567.
3, 17189
What are the prime factors of 32041?
179
List the prime factors of 1604